z + 11. Let q(s) = m*j(s) - 4*a(s). Give q(c).
-6
Let w be ((-5)/15)/(4/(-84)). Let z(j) = 1 + 5 - j - w. Determine z(0).
-1
Let k(x) = -11*x**3 + 2*x**2 - 1. Suppose 2*t - 80 = -3*t. Suppose -m + 2*m - j = 6, -m + 3*j = -t. Give k(m).
-10
Let r(b) be the third derivative of 11*b**4/24 - b**3/2 - 8*b**2. Determine r(2).
19
Suppose 6 = -5*o + 21. Suppose 2*q - o*y + 5 = 0, 3*y - 5 = -2*y. Let a(s) = s**3 + 2*s**2 + s. What is a(q)?
0
Let o(a) = 2*a - 33. Let l be o(20). Let r(y) = -y**2 + 8*y + 3. Determine r(l).
10
Let w(t) = -5*t - 98. Let k be w(-19). Let h(n) = -n**2 - n - 3. What is h(k)?
-9
Let c(l) = -3*l**3 + 2*l**2 - 9*l - 5. Let f(z) = z**3 - z**2 + 3*z + 2. Let n(v) = 6*c(v) + 17*f(v). Let p be (2/3)/(20/(-120)). What is n(p)?
0
Let h(f) = -f**2 + f + 1. Let a(k) = -k**3 + 3*k**2 - 2*k + 6. Let b(m) = a(m) - 5*h(m). Let s = 8 - 14. Let q be (-5 - s)*(-21)/(-3). What is b(q)?
1
Let z(b) = -b**2 - 8*b - 12. Let n = 261 + -266. Calculate z(n).
3
Let j(y) = y**2 + 0*y - 2*y - 2*y**2 + 1. Let z be 1*(6 + -3) - -17. Suppose z = -14*l + 10*l. Determine j(l).
-14
Suppose 50 = p - 514. Let j(o) = -566*o + 3 + p*o - 17. Determine j(-12).
10
Suppose -5*l - 3*g + 21 = -0*l, 4*l + 4*g - 20 = 0. Suppose -l*i = 2*j + 11, 0 = 5*j - 3*i + i - 20. Let w(r) = 2*r**2 - 2*r + 2. Give w(j).
6
Let c(z) = z**3 - 6*z**2 - 15*z - 21. Let m be -20 + 13 + 1 + 2 - -12. Calculate c(m).
-13
Let m(u) = 7*u**2 - 2*u - 3. Let f(w) = 4*w**2 - w - 2. Let o(x) = 5*f(x) - 3*m(x). Let v(q) = -5*q**2 + q - 5. Let y(b) = -4*o(b) + v(b). Give y(-2).
1
Let s(w) = 12*w**2 - 1 + 0 - 5*w**2. Let l be s(1). Let i(d) = -16 + 39 - 24 - 2*d. Give i(l).
-13
Let p = -1580 - -1576. Let i(a) = a**3 + 5*a**2 + a + 6. Let d(x) = -x**3 - 5*x**2 - x - 7. Let r(v) = 5*d(v) + 6*i(v). Determine r(p).
13
Let a(v) be the third derivative of v**6/24 - v**3/6 - 11*v**2 + 4. Determine a(1).
4
Let q(g) = -g**2 + 9*g + 5. Let s be q(6). Let t = -16 + s. Let p(k) = k**2 - 6*k + 1. Determine p(t).
8
Let x(g) = -g**3 + g + 40. Suppose -4*m = -3*a - 20, 5*a + 4*m - 2 - 18 = 0. What is x(a)?
40
Let g(f) be the third derivative of f**5/30 + 7*f**4/12 + f**3 - 175*f**2. Determine g(-7).
6
Let p(c) be the second derivative of 1/6*c**4 + 0*c**2 + 0 - 1/10*c**5 + 0*c**3 - 18*c. Calculate p(2).
-8
Let r = 30 - 28. Suppose -3*z = r*h + 2 - 1, 11 = -h + 2*z. Let j be (-4)/(h/3 - -1). Let v(p) = p**2 - 8*p + 3. Determine v(j).
-9
Let f(j) = -1 + 2*j**2 - 2*j**2 - 5*j**2 - 3 + 6*j**2. Calculate f(0).
-4
Let k(r) = -11*r**2 - 11*r - 2. Let m(o) = -5*o - 10*o**2 - 15*o**2 - 1 + 20*o**2. Let d be (2 + 0)*1 + -15. Let h(x) = d*m(x) + 6*k(x). Determine h(1).
-1
Let r(h) = -11*h + 4. Let w(i) = i**2 + 46*i + 126. Let x be w(-3). What is r(x)?
37
Let h(u) = 2*u - 4. Let o = -46 - -49. Suppose 2*t + 2 = 2*x, 4*t = 3*x - o + 2. What is h(x)?
2
Let z(u) = u**2 + 7250*u**3 + 7*u - 7251*u**3 + 2*u - 3 + 9*u**2. Give z(11).
-25
Let y(j) be the third derivative of j**9/60480 + j**8/2240 + j**7/504 + 7*j**6/720 - j**5/12 + 4*j**2. Let n(u) be the third derivative of y(u). What is n(-8)?
-9
Let i = 9 + -3. Let k = 9 - i. Let c(b) = 1 + 0*b - 2 + 2*b. What is c(k)?
5
Let z(a) = 6*a**3 + 5*a**2 + 4*a + 20. Let t(j) = -5*j**3 - 6*j**2 - 2*j - 19. Let l(k) = 7*t(k) + 6*z(k). What is l(11)?
-24
Let c(r) be the third derivative of -r**4/4 - r**3/3 + r**2. Suppose 5*z - 7 = h, 2 - 12 = -2*z - 2*h. Calculate c(z).
-14
Let r(d) = -d**2 - 7*d + 2. Let c be -2 + 38 + (-6)/(-2). Suppose 4 = g + 3*m, 3*g - m + c - 11 = 0. Give r(g).
-6
Suppose 0 = -5*s - 3*f - 8, -2*s - 20 = s - 2*f. Let w be ((-4)/(-10))/(1/25). Let z = s + w. Let k(m) = -m**3 + 7*m**2 - 6*m + 7. Give k(z).
7
Let k(t) = t**3 - 7*t**2 - 5*t - 22. Let l be k(8). Suppose j - 4 = -l*g - 3, -4*j = g - 11. Let h(n) = -4*n**2 + 2*n + 0*n + 5*n**2 + 1 - 3*n**3. Give h(g).
3
Let z(j) = -7*j - 6. Let d(x) = -2*x - 1. Let b(f) = -3*d(f) + z(f). What is b(-6)?
3
Let h(l) = 5*l**3 - 9*l**2 - 7*l + 2. Let c be (-4)/8*6 + -1. Let y(w) = 4*w**3 - 8*w**2 - 5*w + 1. Let n(s) = c*y(s) + 3*h(s). Determine n(4).
14
Let o(b) = -7*b - 1. Let z(k) = -4*k. Let m = -45 + 48. Let f(u) = m*o(u) - 5*z(u). Calculate f(5).
-8
Let g(v) = -4*v**3 - 9*v**2 + 3*v - 4. Let n(c) = 3*c**3 + 7*c**2 - 2*c + 3. Let m(j) = 4*g(j) + 5*n(j). Give m(1).
-1
Let h(u) = u**3 - 13*u**2 + 11*u + 15. Let r be h(12). Suppose 0 = 5*y - 20. Let m(t) = y*t - r*t + 0*t. Determine m(-5).
-5
Let o(f) be the first derivative of f**6/30 + f**4/12 - f**3/6 + 5*f**2/2 + 3. Let p(j) be the second derivative of o(j). Let n = 1 - 0. Give p(n).
5
Let o(l) = -6*l + 14. Let g(z) = -5*z + 13. Let v(u) = -5*g(u) + 4*o(u). Let x(r) = -r**2 - 15*r + 26. Let a be x(-18). Let k = -23 - a. Calculate v(k).
-4
Let v(u) = -7 - 9*u - 5 + 2 + 14 + 1. Give v(2).
-13
Let b be 0 - (-3 + 1 - -3). Suppose -7*g + 32 = -5*g. Let r(d) = 5*d + d + 7*d - 1 - g*d. Calculate r(b).
2
Let m(a) = -2*a**2 + 6*a - 1. Suppose 0 = -4*h - 2*h - 18. Let z(s) = s**3 + 4*s**2 + 3*s + 4. Let f be z(h). What is m(f)?
-9
Let g = 11 + -13. Let n be ((-56)/(-21))/((-4)/(-6)). Let m(z) = 5*z + n*z - 6*z + 3. Determine m(g).
-3
Let l(d) be the third derivative of d**8/20160 - d**7/5040 + d**6/144 - d**5/10 + 3*d**2 - d. Let x(r) be the third derivative of l(r). Determine x(4).
17
Let r(j) = -j. Let k = -4 + -4. Let g be (k/(-10))/(2/5). Suppose g*q + 5*a + 27 = 6, 3*a + 15 = -2*q. What is r(q)?
3
Suppose u + 0*h - 4*h + 12 = 0, 4*u - 4*h + 24 = 0. Let l(y) = -y**3 - 4*y**2 + 5*y - 3. What is l(u)?
-23
Let p be -6 - -15 - 0/1. Let x(v) = 13*v**2 - p*v**3 - 12*v**2 + 3*v**3 + v. Let d(j) = -j - 3. Let a be d(-2). Calculate x(a).
6
Let f(q) = q**3 - 2 + 6*q**2 + 1 - 5. Suppose -66*w = -64*w + 12. Calculate f(w).
-6
Let s(u) be the first derivative of u**3/3 + 4*u**2 + 17*u + 172. Determine s(-5).
2
Let g be 38 - 9/3*(-8)/(-6). Suppose -11*i + 100 = g. Let n(t) = -3*t + 8. Give n(i).
-10
Let u = 62 + -60. Let b(i) = -2*i**2 - i**2 + u*i**2 + 2 - 7 - 5*i. What is b(-5)?
-5
Let m(s) = -4 + 5*s + 9*s - 7*s + s**3 - 5*s**2. Suppose 2*d - 73 = 59. Let j = -62 + d. Calculate m(j).
8
Let v(u) = u - 15 + 962*u**2 - 961*u**2 - 2*u. What is v(0)?
-15
Let n(u) = -9*u - 54. Let d(p) = -p. Let y(z) = 18*d(z) - n(z). Calculate y(6).
0
Suppose -h = -4*h + 24. Let r = h - 3. Let m(t) be the second derivative of t**4/12 - 2*t**3/3 + 3*t**2 + 2*t + 22. What is m(r)?
11
Let g(w) = 2*w - 38. Let b be g(17). Let r(v) = -v**2 - 8*v - 6. Determine r(b).
10
Let v(b) be the second derivative of b**4/12 + 5*b**3/3 + b**2 + 18*b. Calculate v(-9).
-7
Let f = -14 - -12. Let v be ((-18)/(-2))/(3/f). Let o(j) = j**2 + 8*j - 1. Give o(v).
-13
Let p(n) = -2*n + 1. Let t(u) = -3*u + 2. Let x(m) = -4*p(m) + 3*t(m). Let i be x(5). Let w(o) = 3 - o**3 - 2*o**2 - 2*o**2 + 18*o - 19*o. What is w(i)?
-3
Let y(d) = -d**3 - 30*d**2 + 32*d + 30. Let x be y(-31). Let w(r) = -21*r**2 + 2*r + 1. Calculate w(x).
-22
Let v(h) be the first derivative of -1/2*h**2 - 3*h - 13. Calculate v(-4).
1
Let a be -9*((-48)/32)/(54/8). Suppose -6*q = 5*m - q - 35, -26 = -a*m - 5*q. Let v(n) = 2*n + 1. Give v(m).
7
Let l(k) be the third derivative of -9*k**4/8 - k**3/6 - 29*k**2. Determine l(1).
-28
Let l(w) = 12*w - 9*w - 1 - w. What is l(-3)?
-7
Let c(i) = -3 + i + i**2 - 6*i + 13*i - i - 2. Let r(d) = d + 4. Let p be r(-10). Determine c(p).
-11
Let c(a) = a + 2*a + 1 - 2*a - 4*a - 2*a. What is c(-1)?
6
Let j(p) be the third derivative of p**4/24 - 5*p**3/6 + 11*p**2 - 1. Calculate j(-7).
-12
Let m(o) = o**2 + o - 2. Let k be m(-3). Let u(c) = 193*c - 197*c + 53 - 55 + c**2. Determine u(k).
-2
Let l(d) = -d - 7. Suppose -18*p = -21*p + 93. Suppose 0 = 2*f - 45 + p. What is l(f)?
-14
Let x(l) be the third derivative of -l**5/60 - 5*l**4/24 - l**3/6 - 132*l**2 - l. What is x(-4)?
3
Suppose -10 = 20*v - 10*v. Let r(q) = -1 - 4*q**3 + 4*q**2 - 3*q**2 - q**3. Give r(v).
5
Let i(t) be the second derivative of 11*t + 1/2*t**3 + 0 - 1/2*t**2. What is i(1)?
2
Let r(v) = -v**2 + 4*v - 4. Let q be (-1)/(-2) - (-3)/2. Suppose -4*u + 8 = -2*a, q*u - 5*a + 7 - 3 = 0. What is r(u)?
-1
Let t = -17 + 9. Let b(g) = -13*g**3 + 6*g**2 - 3*g. Let f(a) = 20*a**3 - 5*a**2 + 4*a. Let h(d) = -3*b(d) - 2*f(d). Determine h(t).
-8
Let y(u) = u**2 - 29*u + 21*u + 16*u. 